{"id":9,"date":"2019-05-18T15:48:30","date_gmt":"2019-05-18T13:48:30","guid":{"rendered":"https:\/\/admsu.org\/w\/?page_id=9"},"modified":"2019-05-18T16:06:26","modified_gmt":"2019-05-18T14:06:26","slug":"a-propos-de","status":"publish","type":"page","link":"https:\/\/admsu.org\/w\/a-propos-de\/","title":{"rendered":"\u00c0 propos de"},"content":{"rendered":"<p>Vous pourriez \u00eatre un artiste et vouloir pr\u00e9senter vos travaux ou vos recettes de cuisine, mais vous \u00eates urgentistes<\/p>\n","protected":false},"excerpt":{"rendered":"<p>Vous pourriez \u00eatre un artiste et vouloir pr\u00e9senter vos travaux ou vos recettes de cuisine, mais vous \u00eates urgentistes<\/p>\n","protected":false},"author":1,"featured_media":6,"parent":0,"menu_order":0,"comment_status":"closed","ping_status":"closed","template":"","meta":{"footnotes":""},"class_list":["post-9","page","type-page","status-publish","has-post-thumbnail","hentry"],"_links":{"self":[{"href":"https:\/\/admsu.org\/w\/wp-json\/wp\/v2\/pages\/9","targetHints":{"allow":["GET"]}}],"collection":[{"href":"https:\/\/admsu.org\/w\/wp-json\/wp\/v2\/pages"}],"about":[{"href":"https:\/\/admsu.org\/w\/wp-json\/wp\/v2\/types\/page"}],"author":[{"embeddable":true,"href":"https:\/\/admsu.org\/w\/wp-json\/wp\/v2\/users\/1"}],"replies":[{"embeddable":true,"href":"https:\/\/admsu.org\/w\/wp-json\/wp\/v2\/comments?post=9"}],"version-history":[{"count":3,"href":"https:\/\/admsu.org\/w\/wp-json\/wp\/v2\/pages\/9\/revisions"}],"predecessor-version":[{"id":36,"href":"https:\/\/admsu.org\/w\/wp-json\/wp\/v2\/pages\/9\/revisions\/36"}],"wp:featuredmedia":[{"embeddable":true,"href":"https:\/\/admsu.org\/w\/wp-json\/wp\/v2\/media\/6"}],"wp:attachment":[{"href":"https:\/\/admsu.org\/w\/wp-json\/wp\/v2\/media?parent=9"}],"curies":[{"name":"wp","href":"https:\/\/api.w.org\/{rel}","templated":true}]}}